{"id":4186,"date":"2025-12-12T14:47:17","date_gmt":"2025-12-12T13:47:17","guid":{"rendered":"https:\/\/pelletslenaecologica.es\/?post_type=product&#038;p=4186"},"modified":"2025-12-12T14:47:17","modified_gmt":"2025-12-12T13:47:17","slug":"caja-de-lena-ultraseca-para-carpas","status":"publish","type":"product","link":"https:\/\/pelletslenaecologica.es\/?product=caja-de-lena-ultraseca-para-carpas","title":{"rendered":"Caja de le\u00f1a ultraseca para carpas"},"content":{"rendered":"<p>Descripci\u00f3n<br \/>\nCaja de Le\u00f1a Hechizo<\/p>\n<p>\u00a1Le\u00f1a perfecta garantizada!<\/p>\n<p>Al igual que el roble, el carpe es la le\u00f1a ideal para estufas y chimeneas.<\/p>\n<p>El carpe es una madera m\u00e1s dura y densa.<\/p>\n<p>Se ha utilizado durante siglos como combustible natural por herreros, fundidores y alfareros.<\/p>\n<p>Su alta densidad garantiza una combusti\u00f3n lenta e intensa, una llama sin humo y una larga duraci\u00f3n.<\/p>\n<p>Esto se traduce en una mejor emisi\u00f3n de calor y, por lo tanto, en mayor calor.<\/p>\n<p>Arde de forma tan prolongada y uniforme como el roble. Adem\u00e1s, su corteza fina y limpia permite una combusti\u00f3n m\u00e1s r\u00e1pida y evita la formaci\u00f3n de espuma.<\/p>\n<p>Propiedades de las rejillas de le\u00f1a ultra secas:<\/p>\n<p>Apto para estufas medianas y grandes<br \/>\nCombusti\u00f3n lenta: llama brillante<br \/>\nSecado al horno: combusti\u00f3n inmediata<\/p>\n<p>Tambi\u00e9n ideal para hornos de pizza<\/p>\n<p>Le\u00f1a<\/p>\n<p>Su estufa de le\u00f1a debe ofrecer una combusti\u00f3n agradable y no ser una fuente de estr\u00e9s debido a la humedad o a la madera de mala calidad. Una combusti\u00f3n estable garantiza su seguridad (la le\u00f1a h\u00fameda libera mucho CO2); proporciona un calor agradable y le permite disfrutarla con total tranquilidad.<\/p>\n<p>La calidad prima sobre el precio. Esto aplica a casi todas sus compras. Gracias a nuestros grandes vol\u00famenes de producci\u00f3n, podemos ofrecerle le\u00f1a de la mejor calidad al mejor precio. Para la fabricaci\u00f3n de nuestras parrillas de le\u00f1a, colaboramos con un proveedor que suministra le\u00f1a a m\u00e1s de 850 restaurantes y cadenas hoteleras en Alemania. Este proveedor no puede permitirse suministrar le\u00f1a de dudosa calidad ni con un contenido de humedad inadecuado, ya que el humo y la combusti\u00f3n inestable son, obviamente, inaceptables en un restaurante.<\/p>\n","protected":false},"excerpt":{"rendered":"<p>Calor lento \u2013 llamas brillantes<\/p>\n<p>Secado al horno \u2013 calor inmediato<\/p>\n<p>Madera de carpa ultraseca, apilada a mano<\/p>\n<p>Caja resistente<\/p>\n","protected":false},"featured_media":4187,"template":"","meta":[],"product_brand":[],"product_cat":[158],"product_tag":[],"class_list":{"0":"post-4186","1":"product","2":"type-product","3":"status-publish","4":"has-post-thumbnail","6":"product_cat-lena","8":"first","9":"instock","10":"sale","11":"shipping-taxable","12":"purchasable","13":"product-type-simple"},"jetpack_sharing_enabled":true,"_links":{"self":[{"href":"https:\/\/pelletslenaecologica.es\/index.php?rest_route=\/wp\/v2\/product\/4186","targetHints":{"allow":["GET"]}}],"collection":[{"href":"https:\/\/pelletslenaecologica.es\/index.php?rest_route=\/wp\/v2\/product"}],"about":[{"href":"https:\/\/pelletslenaecologica.es\/index.php?rest_route=\/wp\/v2\/types\/product"}],"wp:featuredmedia":[{"embeddable":true,"href":"https:\/\/pelletslenaecologica.es\/index.php?rest_route=\/wp\/v2\/media\/4187"}],"wp:attachment":[{"href":"https:\/\/pelletslenaecologica.es\/index.php?rest_route=%2Fwp%2Fv2%2Fmedia&parent=4186"}],"wp:term":[{"taxonomy":"product_brand","embeddable":true,"href":"https:\/\/pelletslenaecologica.es\/index.php?rest_route=%2Fwp%2Fv2%2Fproduct_brand&post=4186"},{"taxonomy":"product_cat","embeddable":true,"href":"https:\/\/pelletslenaecologica.es\/index.php?rest_route=%2Fwp%2Fv2%2Fproduct_cat&post=4186"},{"taxonomy":"product_tag","embeddable":true,"href":"https:\/\/pelletslenaecologica.es\/index.php?rest_route=%2Fwp%2Fv2%2Fproduct_tag&post=4186"}],"curies":[{"name":"wp","href":"https:\/\/api.w.org\/{rel}","templated":true}]}}