{"id":4157,"date":"2025-12-12T13:42:39","date_gmt":"2025-12-12T12:42:39","guid":{"rendered":"https:\/\/pelletslenaecologica.es\/?post_type=product&#038;p=4157"},"modified":"2025-12-12T13:42:39","modified_gmt":"2025-12-12T12:42:39","slug":"enan-bio-palet-de-70-sacos","status":"publish","type":"product","link":"https:\/\/pelletslenaecologica.es\/?product=enan-bio-palet-de-70-sacos","title":{"rendered":"ENAN Bio \u2013 Palet de 70 Sacos"},"content":{"rendered":"<p>Est\u00e1 compuesto por madera de pino 100% sin corteza y cuenta con las certificaciones EN Plus A1 y DINPlus, que garantiza la m\u00e1xima calidad. Pellet de Calidad fabricado con Serr\u00edn 100% de pino con secado a baja temperatura.<\/p>\n<p>Recomendados por las principales marcas de calderas y estufas de Europa: EDILKAMIN, UNGARO, PIAZZETTA, HARGASSNER, LASIAN, BRONPI, FERLUX, BIOCURVE, NATURAL FIRE\u2026 etc). Sin tratamientos qu\u00edmicos ni olores, y el sello PEFC, que certifica que la madera que contiene proviene de bosques gestionados de forma sostenible y respetuosa con el medioambiente. Ecol\u00f3gico y respetuoso con el medioambiente y las personas.<\/p>\n<p>\u00a1Aprovecha la calidad insuperable de los pellets de ENAN Bio! Con est\u00e1ndares excepcionales que superan ampliamente los requisitos de calidad m\u00e1s exigentes (ENPlusA1 y DINPlus). Nuestros pellets garantizan un contenido de humedad por debajo del 6% en los \u00faltimos 11 a\u00f1os, muy por debajo del m\u00e1ximo permitido del 10%. Adem\u00e1s, nuestra durabilidad mec\u00e1nica alcanza un impresionante 99%, superando el m\u00ednimo requerido del 98% seg\u00fan los certificados DINPlus-ENPLUSA1.<\/p>\n<p>Nuestro compromiso con la excelencia se refleja en cada detalle. Con un \u00ednfimo porcentaje de fino del 0,2% y un contenido de cenizas del 0,4%, muy por debajo de los l\u00edmites establecidos del 0,5% y 0,7% respectivamente, nuestros pellets destacan como la elecci\u00f3n superior en calidad. Y no nos detenemos ah\u00ed: con un poder calor\u00edfico promedio de 5,1 kwh\/kg (P.C.I. en b.h.) y 5,4 kwh\/kg en base seca, nuestros productos superan ampliamente el m\u00ednimo requerido de 4,58 kwh\/kg.<\/p>\n<p>Conf\u00eda en ENAN Bio para asegurarte un rendimiento superior y una experiencia libre de preocupaciones. \u00a1Hazte con nuestros pellets hoy mismo y experimenta la diferencia de calidad!<\/p>\n<p>Servicio de transporte de pal\u00e9s completos con descarga a pie de calle. No se despaletiza ni se transporta al interior de la vivienda.<\/p>\n<p>Aviso Importante:<\/p>\n<p>La entrega se realizar\u00e1 \u00fanicamente en ubicaciones accesibles para un cami\u00f3n. Esto significa que el lugar de entrega debe cumplir con los siguientes requisitos:<\/p>\n<p>1) El Terreno no debe tener pendientes pronunciadas.<br \/>\n2) Espacio lo suficientemente amplio para permitir la circulaci\u00f3n de un cami\u00f3n.<\/p>\n<p>Por favor, aseg\u00farese de que estas condiciones se cumplen antes de realizar el pedido.<\/p>\n<p>Si no se pudiera realizar la entrega por uno de estos motivos, los gastos de devoluci\u00f3n ser\u00e1n por cuenta del cliente<\/p>\n","protected":false},"excerpt":{"rendered":"<h5>Est\u00e1 compuesto por madera de pino 100% sin corteza y cuenta con las certificaciones EN Plus A1 y DINPlus, que garantiza la m\u00e1xima calidad. Pellet de Calidad fabricado con Serr\u00edn 100% de pino con secado a baja temperatura.<\/h5>\n<h5>Recomendados por las principales marcas de calderas y estufas de Europa: EDILKAMIN, UNGARO, PIAZZETTA, HARGASSNER, LASIAN, BRONPI, FERLUX, BIOCURVE, NATURAL FIRE\u2026 etc). Sin tratamientos qu\u00edmicos ni olores, y el sello PEFC, que certifica que la madera que contiene proviene de bosques gestionados de forma sostenible y respetuosa con el medioambiente. Ecol\u00f3gico y respetuoso con el medioambiente y las personas.<\/h5>\n","protected":false},"featured_media":4158,"template":"","meta":[],"product_brand":[],"product_cat":[157],"product_tag":[],"class_list":{"0":"post-4157","1":"product","2":"type-product","3":"status-publish","4":"has-post-thumbnail","6":"product_cat-granulos-de-pellets","8":"first","9":"instock","10":"shipping-taxable","11":"product-type-simple"},"jetpack_sharing_enabled":true,"_links":{"self":[{"href":"https:\/\/pelletslenaecologica.es\/index.php?rest_route=\/wp\/v2\/product\/4157","targetHints":{"allow":["GET"]}}],"collection":[{"href":"https:\/\/pelletslenaecologica.es\/index.php?rest_route=\/wp\/v2\/product"}],"about":[{"href":"https:\/\/pelletslenaecologica.es\/index.php?rest_route=\/wp\/v2\/types\/product"}],"wp:featuredmedia":[{"embeddable":true,"href":"https:\/\/pelletslenaecologica.es\/index.php?rest_route=\/wp\/v2\/media\/4158"}],"wp:attachment":[{"href":"https:\/\/pelletslenaecologica.es\/index.php?rest_route=%2Fwp%2Fv2%2Fmedia&parent=4157"}],"wp:term":[{"taxonomy":"product_brand","embeddable":true,"href":"https:\/\/pelletslenaecologica.es\/index.php?rest_route=%2Fwp%2Fv2%2Fproduct_brand&post=4157"},{"taxonomy":"product_cat","embeddable":true,"href":"https:\/\/pelletslenaecologica.es\/index.php?rest_route=%2Fwp%2Fv2%2Fproduct_cat&post=4157"},{"taxonomy":"product_tag","embeddable":true,"href":"https:\/\/pelletslenaecologica.es\/index.php?rest_route=%2Fwp%2Fv2%2Fproduct_tag&post=4157"}],"curies":[{"name":"wp","href":"https:\/\/api.w.org\/{rel}","templated":true}]}}